(y) = -48*y - 3041. Give v(-64).
31
Let w(u) = -u**3 + 199*u**2 + 392*u + 1990. Determine w(201).
-20
Let s(o) = 354*o + 1230. Determine s(-3).
168
Let j(i) = 13*i - 176. Determine j(20).
84
Let u(z) = z**3 + 16*z**2 + 26*z + 98. Determine u(-16).
-318
Let y(z) = z**3 + 20*z**2 + 61*z - 36. Determine y(-15).
174
Let n(a) = a**3 - 12*a**2 - 67*a + 934. Give n(10).
64
Let d(o) = -o**2 - 97*o + 14674. Give d(-179).
-4
Let i(w) = 2*w**2 - 20*w + 35. What is i(6)?
-13
Let w(i) = -5*i**2 + 67*i + 38. What is w(15)?
-82
Let b(m) = -5*m**3 - m**2 + 23*m + 100. What is b(-4)?
312
Let g(z) = -3*z**2 + 20*z - 132. Determine g(6).
-120
Let s(z) = -2*z**3 + 10*z**2 + 35*z - 41. What is s(6)?
97
Let y(w) = 216*w - 869. Give y(4).
-5
Let y(u) = -4*u**2 + 51*u + 55. Calculate y(16).
-153
Let m(l) = 42*l + 9410. What is m(-224)?
2
Let t(o) = -2*o**3 + 4*o**2 + 8*o - 1. What is t(3)?
5
Let z(j) = -42*j + 557. Calculate z(11).
95
Let m(r) = -17*r + 186. Determine m(10).
16
Let w(s) = 15*s - 250. What is w(14)?
-40
Let a(g) = 24*g**2 + 113*g + 53. What is a(-3)?
-70
Let n(y) = y**3 + 14*y**2 - 102*y + 1622. Determine n(-22).
-6
Let u(o) = 610*o + 4286. Determine u(-7).
16
Let t(p) = p**2 - 44*p + 466. What is t(25)?
-9
Let j(t) = -6*t**2 - 38*t - 62. Determine j(-6).
-50
Let v(x) = 4*x**2 + 57*x - 169. What is v(-19)?
192
Let p(n) = -n**3 - 30*n**2 + 366*n - 27. Calculate p(9).
108
Let f(u) = -128*u**2 - 17*u + 16. Calculate f(1).
-129
Let d(m) = 40*m + 239. Calculate d(-6).
-1
Let g(w) = 10*w**2 - 188*w + 322. Give g(2).
-14
Let t(x) = 6*x**2 - 92*x + 682. What is t(8)?
330
Let c(y) = 62*y + 1077. Give c(-15).
147
Let a(o) = -11*o**3 + 3*o**2 + 2*o + 3. Give a(-3).
321
Let g(r) = r**3 + 9*r**2 - 143*r - 1145. Determine g(-7).
-46
Let g(a) = -60*a + 3292. What is g(55)?
-8
Let u(l) = -41*l**2 + 332*l - 43. What is u(8)?
-11
Let t(i) = -2*i**2 - 46*i - 29. Give t(-21).
55
Let t(a) = -2*a**2 - 29*a + 31. What is t(-15)?
16
Let l(n) = -58*n**2 - 11*n + 23. Give l(2).
-231
Let z(r) = 100*r + 10799. Determine z(-108).
-1
Let f(y) = -15*y**2 - 118*y + 123. Determine f(-9).
-30
Let d(u) = -2*u**3 + 11*u**2 - 16*u + 56. Give d(5).
1
Let c(o) = -179*o - 1083. Calculate c(-6).
-9
Let l(m) = 4851*m - 24263. Give l(5).
-8
Let w(x) = -181*x - 3500. What is w(-19)?
-61
Let b(r) = -22*r**2 - 109*r + 10. Determine b(-5).
5
Let j(g) = 931*g - 2801. Give j(3).
-8
Let p(s) = 50*s - 1210. Determine p(24).
-10
Let g(x) = x**2 + 66*x - 15809. Calculate g(97).
2
Let l(d) = d**3 + 82*d**2 + 1007*d + 126. Determine l(-67).
-8
Let o(w) = 5*w**2 - 250*w + 1326. Give o(6).
6
Let q(u) = 1372*u + 31549. Determine q(-23).
-7
Let g(r) = 193*r**3 - 5*r**2 - 6*r - 1. Calculate g(-1).
-193
Let w(r) = -246*r + 1954. Give w(8).
-14
Let b(d) = 5*d**2 - 8*d - 18. Calculate b(9).
315
Let z(t) = 71*t - 8914. Determine z(125).
-39
Let g(c) = 2*c**2 + 42*c + 8. Give g(-21).
8
Let g(l) = -l**3 - 12*l**2 + 3*l + 43. Calculate g(-11).
-111
Let w(g) = -8*g - 462. Calculate w(-58).
2
Let a(x) = -x**3 + 45*x + 10. Calculate a(6).
64
Let v(a) = -4*a**2 - 9*a + 36. Calculate v(3).
-27
Let c(w) = -363*w**2 + 2543*w - 12. Determine c(7).
2
Let n(a) = -a**2 - 41*a + 7. Calculate n(-41).
7
Let i(h) = 12*h**2 - 67*h - 302. Calculate i(-5).
333
Let u(h) = 1133*h + 67983. Determine u(-60).
3
Let c(y) = y**3 + 64*y**2 - 42*y + 1451. What is c(-65)?
-44
Let z(x) = -2*x**2 + 536*x + 4996. Give z(-9).
10
Let o(r) = 3*r**3 - 12*r**2 - 11*r + 29. Calculate o(4).
-15
Let p(l) = l**3 - 19*l**2 + 7*l - 549. Determine p(20).
-9
Let p(o) = -o**2 + 32*o - 31. Calculate p(21).
200
Let r(f) = -f**3 - 8*f**2 + 24*f - 5. What is r(3)?
-32
Let z(o) = 4*o**3 - 233*o**2 + 460*o + 3. Give z(2).
23
Let k(m) = 769*m + 3877. What is k(-5)?
32
Let w(l) = 286*l + 4345. Determine w(-15).
55
Let k(m) = -8*m**3 + 19*m**2 - 24*m + 29. Give k(2).
-7
Let s(b) = b**2 + 439*b + 3051. Determine s(-7).
27
Let d(f) = -9046*f + 27109. Calculate d(3).
-29
Let u(g) = g**2 - 109*g + 813. Determine u(101).
5
Let y(u) = -1308*u - 27463. Give y(-21).
5
Let d(o) = -23*o + 104. What is d(-9)?
311
Let a(b) = -b**3 - 7*b**2 + 9*b + 94. Determine a(-6).
4
Let k(m) = m**2 + 42*m + 381. What is k(-12)?
21
Let o(t) = 2*t**3 + 57*t**2 - 228*t - 88. Give o(-32).
40
Let r(w) = 53*w - 301. Give r(-7).
-672
Let o(y) = -41*y**3 - 3*y**2 + 6*y - 2. Give o(2).
-330
Let g(f) = f**2 - 15*f - 266. Give g(23).
-82
Let s(d) = -250*d**3 + 2*d**2 - 4*d + 3. Calculate s(1).
-249
Let f(t) = 2*t**2 - 14*t - 17447. Determine f(97).
13
Let v(s) = -7*s + 35. What is v(-4)?
63
Let f(l) = -4*l**3 - 15*l**2 - 36*l - 87. What is f(-3)?
-6
Let w(n) = -n**3 - 27*n**2 - 57*n + 1147. Calculate w(-22).
-19
Let v(j) = -47*j + 314. Calculate v(8).
-62
Let z(p) = -p**2 + 48*p - 49. What is z(46)?
43
Let u(r) = 2*r**3 - 27*r**2 - 118*r + 10. Calculate u(17).
27
Let t(l) = l**3 + 18*l**2 + 21*l + 53. What is t(-17)?
-15
Let z(d) = d**2 + 14*d - 630. Calculate z(-33).
-3
Let d(t) = 30*t - 8. Determine d(2).
52
Let k(n) = -n**3 + 48*n**2 + 425*n - 16249. What is k(50)?
1
Let x(a) = -5*a**2 + 367*a - 109. Give x(73).
37
Let y(j) = -604*j - 17526. What is y(-29)?
-10
Let v(d) = 5703*d - 45631. Give v(8).
-7
Let k(o) = -o**2 + 29*o + 89. What is k(-4)?
-43
Let g(z) = z**3 + 20*z**2 + 55*z + 71. Give g(-17).
3
Let f(i) = -i**3 - 53*i**2 - 142*i - 10585. Give f(-54).
-1
Let l(h) = -744*h - 22326. Calculate l(-30).
-6
Let o(q) = -200*q + 3401. What is o(17)?
1
Let p(l) = -134*l - 1476. What is p(-11)?
-2
Let i(k) = -2*k**2 + 9*k - 22. Determine i(8).
-78
Let y(r) = -r**2 + 265*r - 11231. Give y(53).
5
Let q(d) = 2*d**2 - 148*d - 2664. Determine q(89).
6
Let p(b) = 2*b**3 + 102*b**2 - 23*b - 1160. What is p(-51)?
13
Let w(z) = 14*z**2 - 2*z - 6. What is w(-1)?
10
Let u(c) = c**2 - 9*c - 343. Calculate u(-16).
57
Let a(s) = s**3 - 23*s**2 - 39*s - 171. Calculate a(25).
104
Let j(r) = 48*r**2 + 3608*r + 606. Calculate j(-75).
6
Let h(y) = -y**3 - 9*y**2 + 14*y + 8. Give h(-12).
272
Let v(c) = 73*c - 49. Calculate v(-6).
-487
Let q(m) = m**3 + 256*m - 805. What is q(3)?
-10
Let c(b) = 330*b - 34984. What is c(106)?
-4
Let f(g) = 250*g**2 - 183*g + 6. Give f(1).
73
Let o(x) = 41*x**2 - 14*x + 25. Give o(2).
161
Let c(v) = 3*v**3 - 53*v**2 + v - 128. Give c(18).
214
Let o(u) = 20*u**3 + 2*u**2 - 8*u + 7. Calculate o(1).
21
Let v(c) = -1909*c**2 + 7636*c - 3. Determine v(4).
-3
Let q(v) = v**2 - 52*v + 188. Calculate q(19).
-439
Let f(z) = -2*z**3 + 3*z**2 - 5*z + 8. Give f(3).
-34
Let l(h) = -h**2 - 51*h - 621. Give l(-31).
-1
Let t(l) = l**2 + 187*l + 3960. Give t(-24).
48
Let d(i) = -31*i + 317. Determine d(0).
317
Let i(n) = -4*n**3 + n**2 + 47*n + 158. Determine i(-4).
242
Let v(k) = 7*k**3 + 6*k**2 - 3*k + 19. Determine v(-4).
-321
Let z(o) = 10*o**2 + 768*o - 136. Determine z(-77).
18
Let r(j) = j**2 - 47*j - 249. Give r(-5).
11
Let x(s) = -s**3 + 3*s**2 + 27*s + 51. What is x(-2)?
17
Let x(m) = 5*m**3 - 63*m**2 - 10*m - 32. Calculate x(13).
176
Let s(n) = -17*n**2 - 29*n + 127. Determine s(2).
1
Let y(r) = -7*r**3 + 15*r**2 - 23*r + 8. Give y(1).
-7
Let m(n) = -346*n + 14509. Determine m(42).
-23
Let f(q) = -4*q**2 - 1438*q - 5741. What is f(-4)?
-53
Let c(m) = -6*m**2 + 601*m - 231. Determine c(100).
-131
Let z(b) = -21*b**2 - 84*b - 78. Determine z(-2).
6
Let m(p) = -29*p + 521. Determine m(18).
-1
Let j(c) = -2*c**3 - 8*c**2 + 11*c + 19. Give j(-3).
-32
Let p(i) = 432*i + 32410. Give p(-75).
10
Let s(g) = 137*g - 254. What is s(2)?
20
Let l(t) = t**3 - 150*t**2 - 1092*t - 1100. Give l(157).
-1
Let s(a) = 3*a**2 - 127*a - 225. Give s(44).
-5
Let y(u) = u**3 - 3*u**2 + 1206*u - 4846. Determine y(4).
-6
Let s(g) = 6*g**3 - g**2 + 34*g + 37. What is s(-1)?
-4
Let n(i) = 5*i + 31. Determine n(2).
41
Let a(f) = -2*f**2 - 349*f + 712. Determine a(2).
6
Let v(x) = -170*x + 1308. Give v(8).
-52
Let j(f) = 3*f**2 - 81*f + 68. What is j(23)?
-208
Let m(r) = -r**3 - 64*r**2 - 19*r - 1182. Calculate m(-64).
34
Let w(h) = h**2 - 27*h + 192. Calculate w(24).
120
Let u(p) = -p**3 + 8*p**2 - 15*p - 2. Give u(5).
-2
Let r(w) = -12*w**2 + 633*w - 1899. What is r(3)?
-108
Let a(o) = 2*o**3 - 29*o**2 - 215*o - 113. What is a(20)?
-13
Let x(o) = 4*o + 23. What is x(16)?
87
Let n(w) = -2*w**3 + 2*w**2 + 5*w + 3. What is n(2)?